r of 20 and w?
20
Suppose 2*w - 63 = 3. Calculate the greatest common divisor of w and 22.
11
Let v(f) = 20*f**3 - 2*f**2 - f. Let l be v(-1). Let z = -52 + 23. Let w = l - z. Calculate the highest common divisor of w and 40.
8
Suppose -9 = -f - 2*f. Suppose -j = f*j - 216. What is the greatest common factor of 36 and j?
18
Let g(x) = -8*x. Let a be g(-5). What is the highest common divisor of a and 24?
8
Let j(v) = 17*v + 1. Let w be j(1). What is the highest common divisor of w and 36?
18
Suppose 44 = -3*h - h. Let p = 0 + h. Let l be (0 + (-2 - p))*5. Calculate the greatest common factor of 30 and l.
15
Let q be ((-36)/(-16))/(1/28). Calculate the highest common factor of q and 7.
7
Let n be (20/(-16) + 2)/((-1)/(-4)). Let f = 30 - 15. Calculate the greatest common divisor of n and f.
3
Let k(j) = -6*j - 2*j + 2*j - 10 + 2*j. Let t be k(-7). Calculate the highest common factor of t and 162.
18
Let u be 252*(12/(-8))/(-3). What is the greatest common factor of u and 18?
18
Let j(d) = 8*d + 1. Let u be j(7). What is the highest common divisor of 38 and u?
19
Let v be -2 + 2 + -1 + 3. Suppose 4*a = 4*n - 32, -2 = -v*n - 2*a - 6. What is the greatest common divisor of n and 33?
3
Suppose -278 = -5*a + 522. Suppose -8 = -3*j + a. Calculate the greatest common divisor of 14 and j.
14
Suppose g = 32 - 3. What is the greatest common divisor of g and 116?
29
Let v = -95 - -105. What is the greatest common factor of 35 and v?
5
Let h(a) = a**3 - 4*a**2 - 5*a + 6. Let g be h(6). Calculate the greatest common factor of g and 12.
12
Let n = 31 + -5. Calculate the greatest common factor of 182 and n.
26
Let s = -96 - -161. Calculate the greatest common factor of s and 26.
13
Let n(o) = -o + 4. Let k(m) = -m**3 + 6*m**2 - 7*m + 6. Let r be k(4). Let g = r + -10. Let v be n(g). What is the greatest common factor of v and 4?
4
Suppose 4*x - 21 = 35. Let b = x + 41. What is the greatest common divisor of 22 and b?
11
Let j be ((-120)/(-36))/((-2)/(-39)). Calculate the highest common factor of 13 and j.
13
Let j(b) = b**2 + 11*b - 2. Let q be j(-12). Calculate the greatest common divisor of 110 and q.
10
Suppose 5*v - 1 = -5*z + 14, 0 = z - 2*v + 3. What is the highest common divisor of 5 and z?
1
Let w be (-4 + 2)*9/(-6). Suppose -16 = 4*h, 0 = -2*t - 0*t + w*h + 20. Calculate the highest common divisor of 12 and t.
4
Let v(k) = k + 5. Let r be v(-5). Suppose 4*d + 1 - 9 = r. Calculate the highest common divisor of 2 and d.
2
Let t be (-3 + (-52)/(-20))*-30. Let j be (-6 - (-2 - -2))*-2. What is the highest common factor of t and j?
12
Let i(w) = 7*w - 14. Let s be i(11). Suppose 2*p = -p + 27. What is the highest common divisor of s and p?
9
Suppose 5*c + 2*i + 35 = 0, 3*c = -3*i + 1 - 13. Let w be (-12)/((-1)/(c/(-6))). What is the highest common divisor of 27 and w?
9
Suppose 5*v - 4 = 4*g - 3, 5*g - 3 = 2*v. Suppose 0 = 4*b - 2*o - 16, -b = -2*o + 3 - 13. Suppose -q + b*q = 7. What is the highest common factor of q and g?
1
Let z = -40 - -68. What is the highest common divisor of z and 98?
14
Let w be 2/(-11) - (-246)/22. Suppose 4*g - 3*n = n + 196, 4*g = 5*n + 201. What is the greatest common divisor of w and g?
11
Let d(g) = 4*g + 2*g - 3*g. Let a be d(10). Let v(f) = 2*f**2 - 6*f + 9. Let n be v(6). Calculate the highest common factor of a and n.
15
Let x = 2 - 3. Let s = x - 7. Let o(v) = 2*v**2 + 10*v + 2. Let u be o(s). What is the highest common factor of u and 10?
10
Suppose 5*k = 151 + 39. Suppose 4*f - 186 = -3*s, 2*f + 5*s = f + k. Let m = -19 - -51. Calculate the greatest common divisor of m and f.
16
Suppose 0*z - 2*z + 2 = 0. Calculate the highest common divisor of 5 and z.
1
Suppose -8*d = -5*d - 84. What is the highest common factor of 14 and d?
14
Let y be (1 + 1/(-2))*0. Suppose y*n - 10 = -n. Let p = n + -3. Calculate the greatest common divisor of p and 7.
7
Let a be 2/(-3) + 35/3. Suppose 0 = -2*o + 5*o - 3. Let g = a + o. Calculate the highest common factor of g and 108.
12
Let a be 1/4 - (-249)/(-4). Let j(v) = -5*v + 3. Let r be j(6). Let b = r - a. Calculate the greatest common divisor of b and 7.
7
Let k be -7*(24/21 - 2). Suppose -210 = -10*h + 5*h. Calculate the highest common factor of h and k.
6
Let u(p) = 13*p - 93. Let f be u(8). What is the highest common factor of f and 209?
11
Let m be (2 + -2)/(1/1). Suppose m = -u - u + a + 55, 4*u + 3*a = 85. Calculate the greatest common divisor of 25 and u.
25
Let v(u) = 12*u - 68. Let d be v(8). What is the greatest common divisor of d and 112?
28
Let k(v) be the third derivative of -v**5/60 + 5*v**4/12 - 3*v**2. Let q be k(8). Calculate the highest common factor of q and 40.
8
Let r(v) = -v**3 - v**2 + v. Let a be r(-2). Suppose a*x = 4*x - 72. Calculate the greatest common factor of 4 and x.
4
Suppose -6*y = -4*y - 50. What is the highest common factor of y and 10?
5
Suppose 2*k - 4 + 0 = 0. Suppose 0 = 5*v - 5*u - 230, -2*v + u - 44 = -138. Suppose v = -5*m + 158. Calculate the greatest common divisor of m and k.
2
Let s(c) = 4*c**2 + 5*c - 1. Let y be s(-7). Suppose -2*v = 0, -2*d + 12 + 28 = -5*v. What is the greatest common divisor of y and d?
20
Let f be 3 - 7/(28/(-48)). Let w be 2/6 - (-415)/f. Calculate the highest common factor of w and 4.
4
Let m(p) = p**2 - 2*p + 5. Let z be m(-6). Let j = 3 + z. What is the greatest common divisor of j and 14?
14
Suppose 2*b - 22 = 2. Let t = 8 + b. Calculate the highest common factor of t and 100.
20
Let i be (5/(-5))/((-1)/9). What is the greatest common divisor of 63 and i?
9
Let o be (429/12)/((-1)/(-4)). Let f be 30/(-40) + 110/8. What is the highest common factor of f and o?
13
Let i = 248 + -104. What is the highest common divisor of 9 and i?
9
Let h be 195/(-2) + 2/4. Let k = h - -169. Calculate the highest common factor of k and 9.
9
Let b = 14 + -8. Suppose -b = 3*a, u - 4*a + 3*a = 2. Suppose -2*y + 32 = 3*l, 0 = -5*l - u*y + 5*y + 20. Calculate the highest common divisor of l and 8.
8
Let u = 344 + -172. Suppose 4*d - u - 80 = 0. What is the greatest common divisor of 9 and d?
9
Let a(b) = -2*b**3 - 3*b**2 - 3*b - 2. Let k be a(-2). Let y(o) = 1 + 0*o - 3*o + k*o. Let r be y(7). Calculate the greatest common factor of r and 54.
18
Let a = 3 + 2. Suppose -a*v = -33 - 57. What is the greatest common divisor of 36 and v?
18
Let i(q) = 21*q**2 - q + 2. Let y be i(-3). Let k = y + -29. Calculate the greatest common factor of 15 and k.
15
Suppose z + 4*w + 3 = -0, 3*z + 5*w - 5 = 0. Suppose -k + 39 = -3*d, 60 = z*k + 2*d - 169. What is the highest common divisor of k and 18?
9
Let d be (0 - -2)*(-1)/(-2). Suppose 0 = -4*c - 2*r + 14, d = -4*c - r + 16. Calculate the highest common factor of c and 32.
4
Suppose 3*n = -3*v + 9 + 9, -47 = -2*v + 5*n. Let c = 2 - 1. Let k be 1 - c*(-2 - v). Calculate the greatest common divisor of k and 98.
14
Let v = 3 + -1. Suppose -6 = v*h - 22. Calculate the greatest common factor of h and 20.
4
Let n = -50 - -111. Suppose 4*l + 5*m = n, -3*l + 39 = -6*m + 3*m. Let s = 87 + -45. What is the highest common divisor of s and l?
14
Suppose -2*j - 135 = 3*j. Let u be 1 - 1 - 1*j. Calculate the highest common divisor of u and 3.
3
Let v = 11 + -9. Suppose -v*l + 4*l = 90. What is the greatest common divisor of l and 9?
9
Let d(p) = p**3 - 2*p**2 - 6*p + 12. Let x be d(3). Calculate the highest common factor of 1 and x.
1
Suppose -2*g - 77 = 127. Let w = g - -156. Let z = 82 - w. What is the highest common factor of 14 and z?
14
Let d be (10 - -4)/((-2)/(-5)). What is the greatest common divisor of 5 and d?
5
Let r be ((-12)/8)/(3/(-10)). Let g = r - 7. Let w(n) = -11*n**3 - 3*n**2 - 2*n. Let s be w(g). Calculate the greatest common divisor of 16 and s.
16
Let x be 6/(-6) - -2*1. Let p = 10 + -7. What is the highest common divisor of p and x?
1
Suppose 71 + 59 = i + f, 668 = 5*i - 4*f. Suppose -2*n = 4*r - 8, -111 = -5*n + 3*r - 39. What is the greatest common divisor of i and n?
12
Suppose 2*y - 3*p = 3*y - 4, 8 = y + p. What is the greatest common factor of 20 and y?
10
Suppose 24 = 4*k - 32. What is the greatest common divisor of 28 and k?
14
Suppose 3*b + b - 8 = 0. Let v be -1 + b - (-3 + 1). Calculate the greatest common divisor of 15 and v.
3
Let d be ((-30)/(-4))/((-6)/(-40)). Suppose x 